{"id":37202,"date":"2025-02-25T11:17:56","date_gmt":"2025-02-25T10:17:56","guid":{"rendered":"https:\/\/revierwelt.de\/index.php\/privaatsuspoliitika\/"},"modified":"2025-02-25T11:18:07","modified_gmt":"2025-02-25T10:18:07","slug":"privaatsuspoliitika","status":"publish","type":"page","link":"https:\/\/www.revierwelt.de\/index.php\/privaatsuspoliitika\/?lang=et","title":{"rendered":"Privaatsuspoliitika"},"content":{"rendered":"<section class=\"l-section wpb_row height_medium\"><div class=\"l-section-h i-cf\"><div class=\"g-cols vc_row via_flex valign_top type_default stacking_default\"><div class=\"vc_col-sm-12 wpb_column vc_column_container\"><div class=\"vc_column-inner\"><div class=\"wpb_wrapper\"><div class=\"wpb_text_column\"><div class=\"wpb_wrapper\"><p>Meie, Revierwelt Media GmbH, ootame teie k\u00fclastust meie veebilehele, kus on meie ulatuslik jahindusega seotud teenuste valik. Revierwelt Media on jahipiirkondade haldamise tarkvara &#8222;REVIERWELT&#8220; pakkuja koos integreeritud sotsiaalv\u00f5rgustiku ja veebip\u00f5hise suhtlemisv\u00f5imalusega. REVIERWELT pakutavate multimeedia teenuste valikut t\u00e4iendab veebipood REVIERWELT kasutamisega seotud toodete ostmiseks, mis on allpool kokkuv\u00f5tlikult esitatud kui &#8222;meie teenused&#8220;.  <\/p>\n<p>Teie isikuandmete kaitse nende kogumisel, t\u00f6\u00f6tlemisel ja kasutamisel on meie jaoks oluline. J\u00e4rgmised avaldused ei kehti kolmandate isikute poolt REVIERWELT kaudu pakutavate toodete kohta. Sellega seoses vaadake palun kolmandate isikute toodete tootep\u00f5hiseid kasutustingimusi.  <\/p>\n<p>K\u00e4esolevas privaatsuspoliitikas anname teile \u00fclevaate sellest, kuidas me t\u00f6\u00f6tleme teie isikuandmeid, kui kasutate meie teenuseid vastavalt meie teavitamiskohustustele, mis tulenevad 25. mail 2018 j\u00f5ustunud Euroopa \u00fcldisest andmekaitsem\u00e4\u00e4rusest (GDPR). See kehtib s\u00f5ltumata sellest, kas olete meie juures registreeritud v\u00f5i mitte, kas te lihtsalt k\u00fclastate meie veebisaite (www.revierwelt.de\/.com) v\u00f5i broneerite ja kasutate meie tasuta ja tasulisi rakendusi ja rakendusi. <\/p>\n<p>Meie teenuseid kasutades n\u00f5ustute oma andmete t\u00f6\u00f6tlemisega vastavalt k\u00e4esolevale privaatsuspoliitikale.<\/p>\n<p>KUI TE EI N\u00d5USTU K\u00c4ESOLEVA PRIVAATSUSPOLIITIKA TINGIMUSTEGA, EI TOHIKS TE MEIE TEENUSEID KASUTADA.<\/p>\n<p><strong>\u00a7 1 Teave isikuandmete kogumise kohta<\/strong><\/p>\n<p>(1) J\u00e4rgnevalt anname teavet isikuandmete kogumise kohta meie teenuste kasutamisel. &#8222;Isikuandmed&#8220; isikuandmete kaitse \u00fcldm\u00e4\u00e4ruse artikli 4 nr 1 t\u00e4henduses on j\u00e4rgmised andmed <\/p>\n<p>&#8222;&#8230;igasugune teave tuvastatud v\u00f5i tuvastatava f\u00fc\u00fcsilise isiku (edaspidi &#8222;andmesubjekt&#8220;) kohta; tuvastatav f\u00fc\u00fcsiline isik on isik, keda saab otseselt v\u00f5i kaudselt tuvastada eelk\u00f5ige tunnuse, n\u00e4iteks nime, identifitseerimisnumbri, asukohaandmete, veebitunnuse v\u00f5i \u00fche v\u00f5i mitme f\u00fc\u00fcsilise isiku f\u00fc\u00fcsilise, f\u00fcsioloogilise, geneetilise, vaimse, majandusliku, kultuurilise v\u00f5i sotsiaalse identiteediga seotud teguri alusel&#8220;.<\/p>\n<p>(2) ELi isikuandmete kaitse \u00fcldm\u00e4\u00e4ruse (GDPR) artikli 4 nr 7 kohane vastutav t\u00f6\u00f6tleja on Revierwelt Media GmbH, Pestalozzistra\u00dfe 41, 35606 Solms, Saksamaa (lisateavet vt juriidiline teatis). <\/p>\n<p>(3) Kui registreerute aadressil REVIERWELT, et kasutada meie teenuseid, v\u00f5tate meiega \u00fchendust e-posti teel v\u00f5i kontaktvormi kaudu, salvestame teie esitatud andmed (teie e-posti aadress, teie nimi, teie telefoninumber ja muud andmed, mida te meile edastate). Kui andmete s\u00e4ilitamine ei ole enam vajalik, kustutame need andmed v\u00f5i piirame nende t\u00f6\u00f6tlemist, kui on olemas seadusest tulenev s\u00e4ilitamiskohustus. <\/p>\n<p>(4) Kuna laste kaitse on v\u00e4ga oluline, ei luba me alla 16-aastaste kasutajate registreerimist. Kui te kui lapsevanem v\u00f5i eestkostja saate teada, et teie lapsed on meie teenusel registreerunud ja edastanud meile oma isikuandmeid, v\u00f5ite meiega \u00fchendust v\u00f5tta, kasutades eespool toodud kontaktandmeid, ja me blokeerime kasutaja viivitamatult ja kustutame andmed. <\/p>\n<p><strong>\u00a7 2 Andmete t\u00f6\u00f6tlemise eesm\u00e4rk<\/strong><\/p>\n<p>(1) Me kogume ja t\u00f6\u00f6tleme teie isikuandmeid eesm\u00e4rgiga pakkuda teile meie teenuseid, t\u00e4iustada ja arendada neid pidevalt, tagada nende tehniline funktsionaalsus ja tagada meie teenuste turvalisus.<\/p>\n<p>(2) Me kasutame teie andmeid selleks, et pakkuda teile meie teenuseid vastavalt teie kasutamisele, pakkuda teile meie teenustega seotud lisateavet ja pakkumisi, mis meie arvates on teie vajadustele kohandatud, ning pakkuda teile kasutajakogemust, mis meie arvates on kohandatud teie vajadustele.<\/p>\n<p>(3) Pakume teile erinevaid v\u00f5imalusi tasuliste teenuste eest tasumiseks. Kontoandmete kogumist ja t\u00f6\u00f6tlemist makseprotsessi raames teostab \u00fcksnes teie valitud teenusepakkuja vastavalt tema andmekaitse- ja lepingutingimustele. <\/p>\n<p>(4) Kinnitame teile, et me ei avalda teie andmeid mingil ajal kolmandatele isikutele, v\u00e4lja arvatud kolmandatele isikutele, kes on meie poolt otseselt tellitud meie teenuste osutamiseks ja kes on meie poolt kohustatud j\u00e4rgima andmekaitse-eeskirju vastavalt isikuandmete kaitse \u00fcldm\u00e4\u00e4ruse s\u00e4tetele.<\/p>\n<p><strong>\u00a7 3 Teie \u00f5igused<\/strong><\/p>\n<p>(1) Teil on meie suhtes j\u00e4rgmised \u00f5igused seoses teie isikuandmetega:<\/p>\n<p>&#8211; \u00d5igus juurdep\u00e4\u00e4sule,<br \/>\n&#8211; \u00f5igus andmete parandamisele v\u00f5i kustutamisele,<br \/>\n&#8211; \u00f5igus t\u00f6\u00f6tlemise piiramisele,<br \/>\n&#8211; \u00f5igus esitada vastuv\u00e4iteid t\u00f6\u00f6tlemisele,<br \/>\n&#8211; \u00f5igus andmete \u00fclekantavusele.<\/p>\n<p>(2) Teil on ka \u00f5igus esitada kaebus andmekaitse j\u00e4relevalveasutusele teie isikuandmete t\u00f6\u00f6tlemise kohta meie poolt.<\/p>\n<p><strong>\u00a7 4 Isikuandmete kogumine meie veebilehe k\u00fclastamisel<\/strong><\/p>\n<p>(1) Kui kasutate meie veebisaiti ainult teavitamise eesm\u00e4rgil, st kui te ei registreeru ega anna meile muul viisil teavet, kogume ainult isikuandmeid, mida teie brauser meie serverile edastab. Kui soovite meie veebilehte vaadata, kogume j\u00e4rgmisi andmeid, mis on tehniliselt vajalikud selleks, et meie veebilehte teile kuvada ning tagada stabiilsus ja turvalisus (\u00f5iguslik alus on GDPR artikli 6 l\u00f5ike 1 lause 1 lit. f): <\/p>\n<p>&#8211; IP-aadress<br \/>\n&#8211; taotluse kuup\u00e4ev ja kellaaeg<br \/>\n&#8211; ajav\u00f6\u00f6ndi erinevus Greenwichi keskmisest ajast (GMT)<br \/>\n&#8211; taotluse sisu (konkreetne lehek\u00fclg)<br \/>\n&#8211; juurdep\u00e4\u00e4su staatus\/HTTP staatuskood<br \/>\n&#8211; edastatud andmete hulk<br \/>\n&#8211; veebisait, millelt taotlus p\u00e4rineb<br \/>\n&#8211; brauser<br \/>\n&#8211; operatsioonis\u00fcsteem ja selle liides<br \/>\n&#8211; brauseri tarkvara keel ja versioon.<\/p>\n<p>(2) Lisaks eespool nimetatud andmetele salvestatakse teie arvutisse k\u00fcpsised, kui kasutate meie veebisaiti. K\u00fcpsised on v\u00e4ikesed tekstifailid, mis salvestatakse teie k\u00f5vakettale, mis on m\u00e4\u00e4ratud teie kasutatava veebilehitsejaga ja mille kaudu liigub teatud teave k\u00fcpsise seadistavale asutusele (antud juhul meile). K\u00fcpsised ei saa k\u00e4ivitada programme ega kanda teie arvutisse viiruseid. Neid kasutatakse selleks, et muuta veebisait \u00fcldiselt kasutajas\u00f5bralikumaks ja t\u00f5husamaks.   <\/p>\n<p>(3) K\u00fcpsiste kasutamine:<\/p>\n<p>a) Meie veebilehed kasutavad j\u00e4rgmisi k\u00fcpsiseid, mille ulatust ja funktsiooni selgitatakse allpool:<\/p>\n<p>&#8211; Ajutised k\u00fcpsised (vt. b)<br \/>\n&#8211; P\u00fcsik\u00fcpsised (vt. c).<\/p>\n<p>b) Ajutised k\u00fcpsised kustutatakse automaatselt, kui sulgete brauseri. Nende hulka kuuluvad eelk\u00f5ige seansik\u00fcpsised. Need salvestavad nn seansi ID, mille abil saab teie brauseri erinevaid p\u00e4ringuid \u00fchisele seansile omistada. See v\u00f5imaldab teie arvuti \u00e4ra tunda, kui te meie veebisaidile tagasi p\u00f6\u00f6rdute. Seansik\u00fcpsised kustutatakse, kui logite v\u00e4lja v\u00f5i sulgete brauseri.    <\/p>\n<p>c) P\u00fcsik\u00fcpsised kustutatakse automaatselt p\u00e4rast kindlaksm\u00e4\u00e4ratud ajavahemikku, mis v\u00f5ib s\u00f5ltuvalt k\u00fcpsisest erineda. Te saate k\u00fcpsised ise igal ajal oma brauseri turvas\u00e4tetes kustutada. P\u00fcsik\u00fcpsised v\u00f5imaldavad meil teid taas k\u00fclastada, et muuta teie k\u00fclastus nii lihtsaks ja t\u00f5husaks, kui soovite.  <\/p>\n<p>d) Saate oma brauseri seadeid vastavalt oma soovidele konfigureerida ja n\u00e4iteks keelduda kolmanda osapoole k\u00fcpsiste v\u00f5i k\u00f5igi k\u00fcpsiste vastuv\u00f5tmisest. Juhime t\u00e4helepanu, et sel juhul ei pruugi teil olla v\u00f5imalik kasutada k\u00f5iki meie veebisaitide funktsioone. <\/p>\n<p>e) Me kasutame k\u00fcpsiseid, et teid j\u00e4rgmistel k\u00fclastustel tuvastada, kui teil on meil konto. Vastasel juhul peate iga k\u00fclastuse puhul uuesti sisse logima. <\/p>\n<p><strong>\u00a7 5 Isikuandmete kogumine meie teenuste kasutamisel<\/strong><\/p>\n<p>(1) Kui registreerute meie teenuste kasutamiseks, n\u00f5ustute meie eraldi kasutuslepinguga. <a href=\"https:\/\/revierwelt.de\/index.php\/nutzungsvereinbarung\"><strong>kasutajakokkulepe<\/strong><\/a> mis h\u00f5lmab andmete edasist kogumist, s\u00e4ilitamist ja t\u00f6\u00f6tlemist. Vastav ulatus s\u00f5ltub konkreetsetest teenustest, mida te meie pakkumisest kasutate. <\/p>\n<p>(2) Meie teenuste kasutamiseks registreerudes kogutakse v\u00e4hemalt j\u00e4rgmised lisaandmed, mida olete kohustatud t\u00f5eselt esitama vastavalt meie kasutuslepingule:<\/p>\n<p>&#8211; Perekonnanimi<br \/>\n&#8211; Eesnimi<br \/>\n&#8211; Tiitel<br \/>\n&#8211; S\u00fcnniaeg<br \/>\n&#8211; Kasutatav riik<br \/>\n&#8211; Mobiiltelefoni number<br \/>\n&#8211; E-posti aadress<br \/>\n&#8211; Isiklik salas\u00f5na<\/p>\n<p>(3) Tasuliste teenuste kasutamise tellimise v\u00f5i toodete ostmise korral meie veebisaidi kaudu v\u00f5ib olla vaja koguda andmeid ka jooksva arveldamise jaoks. Neid andmeid kogub ja t\u00f6\u00f6tleb ainult teie valitud makseteenuse pakkuja. Meie s\u00fcsteemides ei s\u00e4ilitata kontoteavet, vaid ainult anon\u00fc\u00fcmseid tehinguklahve.  <\/p>\n<p>(4) Meie teenuste kasutamise raames v\u00f5ite ka iseseisvalt koguda t\u00e4iendavaid andmeid meie teenuste raames, salvestada neid meie teenustes v\u00f5i lasta neid edastada meie teenustele; neid andmeid s\u00e4ilitatakse ja t\u00f6\u00f6deldakse vastavalt meie kasutajakokkuleppele.<\/p>\n<p>(5) Kui tegemist on <strong>suletud kasutajagrupi<\/strong> (nt territooriumi) kasutamisega, siis arvestage, et igal suletud kasutajagrupil on omanik, kes saab lisada ja eemaldada t\u00e4iendavaid kasutajaid ning hallata grupi kasutajate volitusi. Andmete lisamisega suletud kasutajagruppi annate suletud kasutajagrupi omanikule piiramatu, t\u00fchistamatu ja \u00fclekantava kasutus\u00f5iguse kogu lisatud sisule ja andmetele. <\/p>\n<p>(6) Kui te kasutate m\u00f5nda meie teenust, edastatakse meie teenustele automaatselt ka andmeid, mis tulenevad teie kasutamisest v\u00f5i meie teenustega \u00fchendatud l\u00f5ppseadmetest. Te m\u00e4\u00e4rate edastatavate andmete ulatuse, valides ja kasutades aktiivse edastustehnoloogiaga l\u00f5ppseadmeid (j\u00e4lgimisseadmed, kaamerad, trapdetektorid jne). K\u00f5ik meie teenustele edastatud andmed salvestatakse, salvestatakse ja t\u00f6\u00f6deldakse meie poolt vastavalt kasutuslepingu eeskirjadele.  <\/p>\n<p><strong>\u00a7 6 Vastuv\u00e4ide v\u00f5i t\u00fchistamine teie andmete t\u00f6\u00f6tlemise vastu<\/strong><\/p>\n<p>(1) Kui olete andnud oma andmete t\u00f6\u00f6tlemiseks n\u00f5usoleku, v\u00f5ite selle igal ajal tagasi v\u00f5tta. Selline t\u00fchistamine m\u00f5jutab teie isikuandmete t\u00f6\u00f6tlemise lubatavust p\u00e4rast seda, kui olete meile n\u00f5usoleku andnud. <\/p>\n<p>(2) Kui me l\u00e4htume teie isikuandmete t\u00f6\u00f6tlemisel huvide tasakaalustamisest, v\u00f5ite esitada vastuv\u00e4iteid t\u00f6\u00f6tlemisele. Seda eelk\u00f5ige juhul, kui t\u00f6\u00f6tlemine ei ole vajalik teiega s\u00f5lmitud lepingu t\u00e4itmiseks, mida me kirjeldame j\u00e4rgnevas funktsioonide kirjelduses. Sellise vastuv\u00e4ite esitamisel palume teil selgitada, miks me ei tohiks teie isikuandmeid sellisel viisil t\u00f6\u00f6delda. Teie p\u00f5hjendatud vastuv\u00e4ite korral uurime olukorda ja kas l\u00f5petame v\u00f5i kohandame andmet\u00f6\u00f6tluse v\u00f5i n\u00e4itame teile meie kaalukaid ja kaitset v\u00e4\u00e4rivaid p\u00f5hjusi, mille alusel j\u00e4tkame t\u00f6\u00f6tlemist.   <\/p>\n<p>(3) Loomulikult v\u00f5ite igal ajal esitada vastuv\u00e4iteid oma isikuandmete t\u00f6\u00f6tlemisele reklaami ja andmeanal\u00fc\u00fcsi eesm\u00e4rgil. Te v\u00f5ite meid oma vastuv\u00e4idetest reklaamile teavitada, kasutades j\u00e4rgmisi kontaktandmeid: support@revierwelt.de. <\/p>\n<p><strong>\u00a7 7 YouTube&#8217;i videote integreerimine<\/strong><\/p>\n<p>(1) Oleme integreerinud oma veebipakkumisse YouTube&#8217;i videod, mis on salvestatud aadressil <a href=\"http:\/\/www.YouTube.com\">http:\/\/www.YouTube.com<\/a> ja mida saab m\u00e4ngida otse meie veebisaidilt. Nende videote vaatamisel edastatakse andmed YouTube&#8217;ile. Me ei saa seda andmeedastust m\u00f5jutada.  <\/p>\n<p>(2) Vastava veebilehe k\u00fclastamisel ja video vaatamisel saab YouTube teavet, et olete k\u00fclastanud meie veebilehe vastavat alamlehte. Lisaks edastatakse k\u00e4esoleva deklaratsiooni \u00a7 4 l\u00f5ikes 1 nimetatud andmed. See toimub s\u00f5ltumata sellest, kas YouTube pakub teile kasutajakontot, mille kaudu olete juba sisse logitud, v\u00f5i kas kasutajakontot ei ole olemas. Kui olete sisse logitud Google&#8217;isse, m\u00e4\u00e4ratakse teie andmed otse teie Google&#8217;i kontole. Kui te ei soovi, et teie andmeid seostatakse teie YouTube&#8217;i profiiliga, peate enne vastava YouTube&#8217;i video \u00fcleskutsumise nupu aktiveerimist v\u00e4lja logima. YouTube salvestab teie andmed kasutajaprofiilidena ja kasutab neid reklaami, turu-uuringute ja\/v\u00f5i oma veebisaidi kohandamise eesm\u00e4rgil.     <\/p>\n<p>Selline hindamine toimub eelk\u00f5ige selleks, et pakkuda kohandatud reklaami ja teavitada teisi YouTube&#8217;i suhtlusv\u00f5rgustiku kasutajaid teie tegevusest meie veebisaidil (isegi kasutajate puhul, kes ei ole sisse logitud). Teil on \u00f5igus esitada vastuv\u00e4iteid nende kasutajaprofiilide loomisele, kusjuures selle \u00f5iguse kasutamiseks peate v\u00f5tma \u00fchendust YouTube&#8217;iga. <\/p>\n<p>(3) T\u00e4iendavat teavet andmete kogumise eesm\u00e4rgi ja ulatuse ning nende t\u00f6\u00f6tlemise kohta YouTube&#8217;i poolt leiate YouTube&#8217;i privaatsuspoliitikast. Sealt leiate ka lisateavet oma \u00f5iguste ja privaatsuse kaitsmise v\u00f5imaluste kohta: https:\/\/www.google.de\/intl\/de\/policies\/privacy. Google t\u00f6\u00f6tleb teie isikuandmeid ka USAs ja on liitunud ELi-USA andmekaitsekilbiga, https:\/\/www.privacyshield.gov\/EU-US-Framework. <\/p>\n<p><strong>  \u00a7 8 Google Mapsi integreerimine  <\/strong><\/p>\n<p>(1) Me kasutame oma veebisaitidel Google Mapsi teenust. See v\u00f5imaldab meil n\u00e4idata teile interaktiivseid kaarte otse veebisaidil ja v\u00f5imaldab teil mugavalt kasutada kaardifunktsiooni. <\/p>\n<p>(2) Vastava veebilehe k\u00fclastamisel saab Google teavet selle kohta, et olete k\u00fclastanud meie veebilehe vastavat alamlehte. Lisaks edastatakse k\u00e4esoleva deklaratsiooni \u00a74 l\u00f5ikes 1 nimetatud andmed. See toimub s\u00f5ltumata sellest, kas Google pakub teile kasutajakontot, mille kaudu olete juba sisse logitud, v\u00f5i kas kasutajakontot ei ole olemas. Kui te olete Google&#8217;isse sisse logitud, m\u00e4\u00e4ratakse teie andmed otse teie Google&#8217;i kontole. Kui te ei soovi, et teid seostatakse Google&#8217;i profiiliga, peate enne meie teenuste asjaomastele alamlehtedele juurdep\u00e4\u00e4su v\u00e4ljumist Google&#8217;ist v\u00e4lja logima. Google salvestab teie andmed kasutusprofiilidena ja kasutab neid reklaami, turu-uuringute ja\/v\u00f5i oma veebisaidi kohandamise eesm\u00e4rgil.     <\/p>\n<p>Sellist anal\u00fc\u00fcsi tehakse eelk\u00f5ige selleks (isegi kasutajate puhul, kes ei ole sisse logitud), et pakkuda kohandatud reklaami ja teavitada teisi sotsiaalv\u00f5rgustiku kasutajaid teie tegevusest meie veebisaidil. Teil on \u00f5igus esitada vastuv\u00e4iteid nende kasutajaprofiilide loomisele, kusjuures selle \u00f5iguse kasutamiseks peate v\u00f5tma \u00fchendust Google&#8217;iga. <\/p>\n<p>(3) T\u00e4iendavat teavet andmete kogumise eesm\u00e4rgi ja ulatuse ning nende t\u00f6\u00f6tlemise kohta pistikprogrammi pakkuja poolt leiate Google&#8217;i privaatsuspoliitikast. Sealt leiate ka lisateavet oma \u00f5iguste kohta selles osas ja seadistamisv\u00f5imalusi oma privaatsuse kaitsmiseks: http:\/\/www.google.de\/intl\/de\/policies\/privacy. Google t\u00f6\u00f6tleb teie isikuandmeid ka USAs ja on liitunud ELi-USA andmekaitsekilbiga, https:\/\/www.privacyshield.gov\/EU-US-Framework. <\/p>\n<p><strong>  \u00a7 9 Makseteenuste integreerimine<\/strong><\/p>\n<p>(1) Erinevaid makseteenuseid ja nende pakkujaid, praegu peamiselt PayPal ja Stripe, kasutatakse selleks, et pakkuda erinevaid meetodeid tasuliste teenuste eest tasumiseks aadressil REVIERWELT. Konkreetsed andmed iga kord kasutatavate pakkujate kohta ja nende valimine teie poolt on esitatud makseviisi valimisel.<\/p>\n<p>(2) Maksetehingu t\u00f6\u00f6tlemiseks on vajalik teie ja teie valitud makseteenuse pakkuja vaheline otsene leping, mis h\u00f5lmab ka isikuandmete ja arveldusteabe t\u00f6\u00f6tlemist.<\/p>\n<p>(3) Makseprotsessi v\u00f5imaldamiseks kogub valitud teenusepakkuja oma integreeritud lehek\u00fclgedel makseprotsessi osana p\u00f5hiandmeid; Revierwelt Media ei edasta isikuandmeid makseteenuse pakkujale. Meie s\u00fcsteemides ei salvestata kontoteavet, vaid ainult anon\u00fc\u00fcmseid tehinguklahve. <\/p>\n<p><strong>\u00a7 10 \u00d5igus teabele ja t\u00fchistamisele<\/strong><\/p>\n<p>Teil on igal ajal \u00f5igus saada tasuta teavet, parandada, blokeerida ja vajaduse korral kustutada oma salvestatud isikuandmed. Palun saatke meile oma taotlus posti v\u00f5i e-posti teel. Teie isikuandmed kustutatakse, kui te t\u00fchistate oma n\u00f5usoleku andmete s\u00e4ilitamiseks, kui neid ei ole enam vaja selle eesm\u00e4rgi t\u00e4itmiseks, milleks neid s\u00e4ilitati, v\u00f5i kui nende s\u00e4ilitamine on muudel \u00f5iguslikel p\u00f5hjustel lubamatu.  <\/p>\n<p><strong>  \u00a7 11 Andmete kogumise eest vastutav keskus<\/strong><\/p>\n<p>Revierwelt Media GmbH<br \/>\nPestalozzistrasse 41<br \/>\n35606 Solms<br \/>\nE-mail: support@revierwelt.de<\/p>\n<p>Tegevdirektor: Alexander Vinnai<br \/>\n\u00c4riregister: Wetzlari kohalik kohus HRB 6268<br \/>\nk\u00e4ibemaksukohustuslase nr: DE 281317112<\/p>\n<p style=\"margin: 0cm 0cm 16.9pt 0cm;\">Staatus mai 2019<\/p>\n<\/div><\/div><\/div><\/div><\/div><\/div><\/div><\/section>\n","protected":false},"excerpt":{"rendered":"Meie, Revierwelt Media GmbH, ootame teie k\u00fclastust meie veebilehele, kus on meie ulatuslik jahindusega seotud teenuste valik. Revierwelt Media on jahipiirkondade haldamise tarkvara &#8222;REVIERWELT&#8220; pakkuja koos integreeritud sotsiaalv\u00f5rgustiku ja veebip\u00f5hise suhtlemisv\u00f5imalusega. REVIERWELT pakutavate multimeedia teenuste valikut t\u00e4iendab veebipood REVIERWELT kasutamisega seotud toodete ostmiseks, mis on allpool kokkuv\u00f5tlikult esitatud kui &#8222;meie teenused&#8220;. Teie isikuandmete kaitse nende...","protected":false},"author":4,"featured_media":0,"parent":0,"menu_order":0,"comment_status":"closed","ping_status":"closed","template":"","meta":{"footnotes":""},"class_list":["post-37202","page","type-page","status-publish","hentry"],"_links":{"self":[{"href":"https:\/\/www.revierwelt.de\/index.php\/wp-json\/wp\/v2\/pages\/37202","targetHints":{"allow":["GET"]}}],"collection":[{"href":"https:\/\/www.revierwelt.de\/index.php\/wp-json\/wp\/v2\/pages"}],"about":[{"href":"https:\/\/www.revierwelt.de\/index.php\/wp-json\/wp\/v2\/types\/page"}],"author":[{"embeddable":true,"href":"https:\/\/www.revierwelt.de\/index.php\/wp-json\/wp\/v2\/users\/4"}],"replies":[{"embeddable":true,"href":"https:\/\/www.revierwelt.de\/index.php\/wp-json\/wp\/v2\/comments?post=37202"}],"version-history":[{"count":0,"href":"https:\/\/www.revierwelt.de\/index.php\/wp-json\/wp\/v2\/pages\/37202\/revisions"}],"wp:attachment":[{"href":"https:\/\/www.revierwelt.de\/index.php\/wp-json\/wp\/v2\/media?parent=37202"}],"curies":[{"name":"wp","href":"https:\/\/api.w.org\/{rel}","templated":true}]}}